rime factors of (-1)/(-1 - d/6)?
2
Let q = 296 - -4230. List the prime factors of q.
2, 31, 73
Suppose 0 = -g - 5 + 2. Let r(v) = -2*v - 4. List the prime factors of r(g).
2
Suppose 6*f = 3*f. Suppose f = -2*m + 2 + 2. What are the prime factors of 10/(3/6*m)?
2, 5
Suppose -77*h = -100083 - 41289. What are the prime factors of h?
2, 3, 17
Let v = 2686 - 895. What are the prime factors of v?
3, 199
Suppose 2*d - 3*m - 15 = 0, -d - 10 = 2*d + 2*m. Suppose d = -8*z + 5*z + 297. Let s = z + -58. What are the prime factors of s?
41
Let o = -97 + 607. What are the prime factors of o?
2, 3, 5, 17
Let m be (-3)/((54/4)/9). Let b(n) = -12*n + 4. Let o(g) = 12*g - 4. Let c(v) = m*o(v) - 3*b(v). What are the prime factors of c(4)?
2, 11
Let l(n) = 2*n**2 + 5*n - 7. Let p be l(-6). Suppose 0 = 5*j + 2*u + 3*u + p, 0 = j + 2*u + 12. What are the prime factors of ((-4)/j)/((-8)/(-84))?
3, 7
List the prime factors of (-3601 + (-1)/1)*103/(-206).
1801
Let v(y) = -y**3 + 16*y**2 + 2*y - 24. Let a be 8/(-6)*(4 - 7). Suppose 3*u + 2*z + 8 = 4*u, -a*u + 44 = -5*z. What are the prime factors of v(u)?
2
Let y = 203 + -156. Let x = -7 + 16. Suppose -x + y = u. List the prime factors of u.
2, 19
Let n = -8 - -87. Let x = -7 + n. Suppose 5*d + 0 + 6 = 2*j, 0 = -4*j - 5*d + x. List the prime factors of j.
13
Suppose -3*g - 8 = -4*m, 6*g - 3*g = 2*m + 2. Suppose m*j + 4*i - 23 - 176 = 0, 2*j - 3*i = 75. What are the prime factors of j?
3, 13
Let g(i) = i**3 + 16*i**2 - 35*i - 28. Let k be g(-14). Suppose 4*s = -2*l - 96, -2*s - l = -4*l + 64. List the prime factors of 6/39 - k/s.
3, 11
Suppose 2*a = -1019 + 1251. List the prime factors of a.
2, 29
Let v = -20 + 14. Let r(u) = 6*u**3 + 10*u**2 + u - 2. Let n(z) = -5*z**3 - 9*z**2 - z + 2. Let d(k) = 5*n(k) + 4*r(k). What are the prime factors of d(v)?
2, 11
List the prime factors of 709 + 8 - -1 - -5.
3, 241
Suppose 213 = y + 4*k, 0 = -5*y + 5*k + 1636 - 571. What are the prime factors of y?
3, 71
Let l(v) = 14 + 9*v + v**3 + 10*v - 8*v + 11*v**2. Let t be l(-10). What are the prime factors of (t/1)/2*1?
2
Let y = 35 - 20. Suppose 0 = -i - 4, 0*x + 3*i = x - y. Suppose 0 = -q + x*q - 8. List the prime factors of q.
2
Let g = 474 + -265. Suppose -2*m = 11*p - 6*p - g, -2*m + 3*p + 217 = 0. List the prime factors of m.
107
Let q be 156/(2 + 23/(-10)). Let n = q - -1057. List the prime factors of 6/14 + n/21.
2, 13
Suppose 5*v = -12*c + 9*c + 13883, 2787 = v - 2*c. What are the prime factors of v?
7, 397
Let b(z) = 20*z**2 - 5. Let c be b(2). Suppose 5*d + 3*w - c = -18, 47 = 4*d + w. What are the prime factors of d?
2, 3
Let y(p) = p - 1. Let i(k) = -6*k + 14. Let b(m) = i(m) + 4*y(m). Let t = 744 + -751. What are the prime factors of b(t)?
2, 3
Let q = 497 - -187. What are the prime factors of q?
2, 3, 19
Let y(b) = 4*b - 10. Let g be (-40)/(-3) + 2/(-6). Suppose -5*a - 19 = m, -4*m + 5*a = -6*m - g. What are the prime factors of y(m)?
2, 7
Let f(a) = a**3 + 7*a**2 + 5*a - 4. Let n be f(-6). Let c(u) = -u + 2. Let d be c(n). Suppose 3*s = -5*o + 2*s + 17, d = o + s - 1. List the prime factors of o.
2
Suppose -26*i + 31*i - 4*h = 8981, -3*h = 2*i - 3597. List the prime factors of i.
3, 599
Let d(x) = -2*x**2 + 27*x + 4. Let t be d(19). Let y = -25 - t. What are the prime factors of y?
2, 3, 5
Let a = 179 - -390. List the prime factors of a.
569
Suppose 3*u - 9 = 2*u. Let t be 2/(-9) - (-29)/u. Suppose -3*z + 5*g = -58, -2*z - 2*z - t*g = -58. What are the prime factors of z?
2
Suppose 3*x = -x + b + 65, 2*x - 4*b = 36. Suppose 2*s + 5 = -4*n - 3, -x = 4*s. Suppose n = k - 20 - 7. List the prime factors of k.
3
Let q = -575 - -812. What are the prime factors of q?
3, 79
Suppose -4*s + 3*s - 345 = -l, 3*l - 5*s = 1029. Let m = l + -244. What are the prime factors of m?
2, 13
Suppose 4*b - 3*o - 2 = 4, o + 13 = 5*b. Suppose 5*k - 3*s = -32, -b*s - 4 = -3*k - 28. Let p(y) = -9*y + 4. What are the prime factors of p(k)?
2, 5
Let d = -17 - -20. List the prime factors of -3 - -5 - (d - 9).
2
Let i be (-3 + 2)/(((-35)/(-30))/7). List the prime factors of (0 + 3/i)*-10.
5
Suppose 28 = 15*b - 17. Suppose 4*f + 2*i - 186 - 150 = 0, -3*f = -b*i - 252. What are the prime factors of f?
2, 3, 7
Let v(u) be the third derivative of 13*u**4/24 + 11*u**3/6 + 10*u**2. What are the prime factors of v(7)?
2, 3, 17
Let j(l) = l**3 - 15*l**2 + 8*l + 6. Let r = -41 + 56. What are the prime factors of j(r)?
2, 3, 7
Let s = 170 + 3. What are the prime factors of s?
173
Let w(g) = 5*g**3 + 4*g**2 - g - 4. Suppose -2*f + b + 0*b = -6, -3*b = -f + 8. List the prime factors of w(f).
2, 5
Suppose -1607 = -6*i + 1633. Suppose -290 = -2*p + 3*w, -i = -5*p + p - 4*w. List the prime factors of p.
139
Let d be 16/(-5)*(-15)/6. Let a = d - 3. Suppose -6*v + 15 = -v + a*u, 1 = 3*v + 5*u. What are the prime factors of v?
7
Let h(l) = -9*l**2 - 3*l + 1. Let n be ((-4)/(-5))/(26/65). Let m be h(n). Let d = -29 - m. List the prime factors of d.
2, 3
Let h(y) = 11*y**2 + y. Let c = 22 + -23. Let j be h(c). Suppose 7*n = j*n - 120. What are the prime factors of n?
2, 5
Let d(x) = -x + 20. Let t be d(11). Suppose 0 = -t*u + 10*u - 59. What are the prime factors of u?
59
Let b(u) = -5*u**3 - u**2 - u - 1. Let s be b(-2). Suppose 0 = d + 6*d - 98. Suppose s = p + d. List the prime factors of p.
23
Let b(y) = 2*y - 14. Let r be b(7). Suppose r = -0*j - 4*j. Suppose -i + 2*m + 12 = -1, j = 4*i - 5*m - 55. List the prime factors of i.
3, 5
Let f = 425 - -37. Suppose 0 = -7*b + b + f. What are the prime factors of b?
7, 11
Suppose 9*z = 20 + 34. Suppose -250 = -z*d + 1076. What are the prime factors of d?
13, 17
Suppose 132 = -54*l + 43*l. Let m(x) be the third derivative of -x**4/8 + 7*x**3/3 - 3*x**2. List the prime factors of m(l).
2, 5
Suppose -2*f = m - 226, -m = -4*f + 2*f - 238. List the prime factors of m.
2, 29
Suppose 2554 = 3*r + 4*u + 903, 5*r + 3*u = 2748. List the prime factors of r.
3, 61
What are the prime factors of (-1 - (-12)/20)/((-4)/3340)?
2, 167
Let t be (10/4)/((-2)/(-4)). Suppose -5*a = 5, 4*a = 5*z - 24 + t. Suppose 4*l + 4 = -z*g + g, 0 = 3*g + l - 19. What are the prime factors of g?
2
Suppose -4*j + 2*p = 4*p - 48, -3*j + 34 = 2*p. What are the prime factors of j?
2, 7
Suppose -8*m + 3*m = -15. Suppose -m*f - y = 5, -f = y - 2*y + 3. Let g = 30 + f. List the prime factors of g.
2, 7
Suppose 250 = 5*p - 150. List the prime factors of p.
2, 5
Let d be -4*3/(-24)*26. Let g = d - 7. List the prime factors of g*5/((-10)/(-6)).
2, 3
Let z = 202 - 40. List the prime factors of z.
2, 3
Let m be (-1)/(-2*(-4)/1032). What are the prime factors of (-4)/(-10)*(-9 - m)?
2, 3
Let a(j) be the second derivative of -10*j**3/3 + 24*j**2 - 13*j. What are the prime factors of a(-7)?
2, 47
Let i(j) = 55*j + 2810. What are the prime factors of i(0)?
2, 5, 281
Suppose 0 = -0*d - d. Suppose d = 3*b - 2*b - 27. Let s = 54 - b. What are the prime factors of s?
3
Let w be (-4)/(-12) + 50/3. Let j = -5 + w. Suppose -i = i - j. List the prime factors of i.
2, 3
Suppose -83*k + 25*k + 20474 = 0. What are the prime factors of k?
353
Suppose -5*g + 3*g - 2*n = -10, -5*n = -g + 5. Let y(u) = 21*u + 46. What are the prime factors of y(g)?
151
Let f be ((-1)/(-3) + 1)*-6. Let t(m) = -15*m + 240. Let i be t(15). Let q = i - f. What are the prime factors of q?
23
Let b(u) = -5*u - 2*u - 4 - u**2 + 3. Let r be b(-5). Suppose -4*m + m = -r. List the prime factors of m.
3
List the prime factors of ((-86417)/(-412))/(1/4 + 0).
839
Let o(c) = 31*c + 9. What are the prime factors of o(14)?
443
Suppose -b - 3*d = 1, 2*b - 2*d = -5*d + 4. Suppose -3*n + 36 = 4*q + n, 5*n = b*q - 65. List the prime factors of q.
11
Let f(u) = -343*u - 15. List the prime factors of f(-15).
2, 3, 5, 19
Suppose 0 = -5*z + 169 + 111. Suppose 9*x - z = 5*x. List the prime factors of x.
2, 7
Let f(m) = 2*m + 12. Let b be f(9). Suppose -l + b + 7 = 0. What are the prime factors of l?
37
Suppose -16*i - 39385 = -110169. What are the prime factors of i?
2, 7, 79
Suppose -b = q - 3846, -10*q + 7692 = -8*q + 3*b. What are the prime factors of q?
2, 3, 641
Let t(i) = 2*i**2 + 5*i + 1. Let z be t(-4). Let w(b) = -b**2 + 18*b + 20. List the prime factors of w(z).
5, 17
Suppose 13*f - 9282 = 7*f. List the prime facto